common divisor of 5137 and 6538?
467
What is the highest common factor of 1655 and 10261?
331
Calculate the highest common factor of 245 and 642145.
245
Calculate the greatest common factor of 9291 and 29503.
163
What is the greatest common divisor of 1769 and 976?
61
What is the highest common factor of 1574 and 3713853?
787
What is the highest common divisor of 3905 and 2272?
71
What is the greatest common divisor of 539 and 7840?
49
Calculate the greatest common factor of 3825 and 31195.
85
What is the greatest common factor of 1457 and 78957?
31
Calculate the greatest common divisor of 23 and 2047.
23
Calculate the highest common factor of 1417 and 819.
13
Calculate the greatest common factor of 153642 and 3567.
87
What is the highest common divisor of 59944 and 531?
59
What is the highest common divisor of 25340 and 6300?
140
Calculate the greatest common factor of 30527 and 7120.
89
Calculate the greatest common divisor of 1164 and 185464.
388
Calculate the highest common factor of 5032505 and 445.
445
Calculate the greatest common factor of 18311 and 5.
1
What is the greatest common factor of 1555 and 19593?
311
Calculate the greatest common factor of 28379 and 222.
37
What is the greatest common factor of 248 and 195176?
248
What is the highest common factor of 2184 and 26520?
312
What is the highest common factor of 79275 and 906?
453
What is the greatest common factor of 54152 and 56?
56
Calculate the highest common divisor of 29140 and 9920.
620
What is the greatest common factor of 48 and 626112?
48
What is the greatest common divisor of 11067920 and 80?
80
Calculate the greatest common factor of 3936 and 50676.
492
What is the greatest common divisor of 133 and 311906?
7
What is the highest common factor of 91266 and 82?
82
Calculate the highest common divisor of 32 and 958.
2
What is the highest common factor of 19 and 1481582?
19
Calculate the highest common divisor of 1614 and 3990346.
538
Calculate the highest common divisor of 53 and 13159423.
53
Calculate the highest common divisor of 58 and 108837.
29
Calculate the highest common divisor of 7134747 and 57.
57
What is the highest common factor of 30422 and 615?
41
Calculate the greatest common factor of 21 and 9393.
3
What is the highest common factor of 35015 and 705?
235
What is the highest common factor of 708 and 2796?
12
Calculate the greatest common factor of 342 and 30628.
38
What is the highest common factor of 1389 and 8116853?
463
Calculate the highest common factor of 1357972 and 2156.
308
Calculate the highest common factor of 6032 and 845.
13
What is the highest common divisor of 170 and 2634235?
85
What is the greatest common factor of 95 and 189981?
19
What is the highest common factor of 656 and 73636?
164
What is the highest common divisor of 4294 and 43618?
226
What is the highest common factor of 23790 and 360?
30
Calculate the greatest common divisor of 4689263 and 1173.
391
Calculate the highest common divisor of 650 and 46025.
25
Calculate the greatest common factor of 252 and 8388.
36
Calculate the greatest common factor of 621978 and 354.
354
Calculate the highest common factor of 4935 and 9.
3
What is the highest common divisor of 26173 and 21?
7
Calculate the greatest common factor of 81 and 6453.
27
What is the highest common divisor of 13884 and 204?
12
Calculate the greatest common divisor of 35 and 2909081.
7
Calculate the greatest common factor of 16946 and 1110.
74
What is the highest common factor of 276560 and 80?
80
What is the highest common factor of 39032 and 60557?
287
What is the greatest common divisor of 30952 and 219?
73
What is the highest common divisor of 3995373 and 93?
93
Calculate the highest common divisor of 80851 and 32618.
347
What is the highest common divisor of 279444 and 396?
132
What is the highest common divisor of 3300 and 2568?
12
What is the greatest common divisor of 1748 and 16720?
76
Calculate the greatest common divisor of 33400 and 48.
8
Calculate the greatest common divisor of 15051 and 522.
87
What is the greatest common divisor of 388486 and 28?
14
What is the greatest common factor of 1277628 and 165?
33
What is the highest common factor of 77645 and 795?
265
Calculate the greatest common divisor of 450 and 28260.
90
Calculate the highest common factor of 453169 and 27816.
1159
What is the greatest common divisor of 224 and 15552?
32
What is the greatest common divisor of 13 and 29861?
13
What is the greatest common factor of 33950 and 2450?
350
Calculate the highest common factor of 26560 and 2880.
320
Calculate the highest common divisor of 2128194 and 151.
151
Calculate the greatest common divisor of 38258 and 1221.
407
What is the greatest common divisor of 1539 and 45081?
9
Calculate the highest common divisor of 34251 and 637.
49
What is the greatest common factor of 2295495 and 435?
435
Calculate the greatest common divisor of 5 and 147695.
5
What is the highest common divisor of 160787 and 5287?
311
Calculate the greatest common divisor of 261 and 14787.
9
What is the highest common factor of 348 and 27028?
116
Calculate the greatest common factor of 2739 and 330.
33
Calculate the greatest common factor of 737153 and 519.
173
What is the highest common divisor of 16048 and 7375?
59
Calculate the greatest common divisor of 222868 and 10.
2
What is the greatest common factor of 415 and 530?
5
What is the greatest common factor of 2818063 and 53?
53
What is the greatest common divisor of 6939535 and 370?
185
What is the greatest common factor of 2244665 and 1775?
355
Calculate the highest common divisor of 1194 and 12736.
398
Calculate the highest common divisor of 66312 and 2808.
216
Calculate the highest common divisor of 1342904 and 32.
8
What is the highest common divisor of 796176 and 5130?
1026
What is the highest common divisor of 2061472 and 336?
112
What is the greatest common factor of 456 and 2474788?
76
Calculate the greatest common divisor of 95115 and 1105.
85
Calculate the highest common divisor of 649590 and 1770.
1770
What is the highest common divisor of 255458 and 7?
7
Calculate the greatest common factor of 119 and 14399.
119
Calculate the highest common factor of 12972 and 4416.
276
Calculate the highest common divisor of 29503 and 905.
181
Calculate the highest common divisor of 321 and 237112.
107
What is the greatest common divisor of 63 and 9264?
3
Calculate the greatest common factor of 8493 and 131865.
447
Calculate the greatest common divisor of 844571 and 182.
91
What is the greatest common divisor of 4700 and 1620?
20
What is the greatest common divisor of 9664 and 256?
64
What is the greatest common divisor of 81 and 79533?
9
What is the highest common divisor of 4275 and 9675?
225
What is the highest common factor of 642 and 386484?
642
Calculate the highest common factor of 543 and 1473159.
543
Calculate the greatest common divisor of 804 and 617472.
804
What is the greatest common divisor of 180 and 391590?
90
Calculate the highest common factor of 2880 and 24192.
576
Calculate the greatest common factor of 338 and 348478.
338
What is the greatest common divisor of 6364 and 2294?
74
Calculate the highest common divisor of 42 and 64330.
14
What is the greatest common divisor of 1224 and 198?
18
Calculate the highest common divisor of 51 and 95229.
3
Calculate the greatest common factor of 536705 and 13455.
1495
What is the greatest common factor of 422 and 1663102?
422
What is the highest common factor of 214 and 820155?
107
What is the highest common factor of 742 and 20458?
106
Calculate the highest common factor of 112285 and 85.
85
What is the highest common factor of 91372 and 36?
4
What is the highest common divisor of 33 and 115467?
33
Calculate the greatest common divisor of 313247 and 11.
11
What is the highest common divisor of 665009 and 109?
109
What is the highest common divisor of 1668 and 349446?
834
Calculate the greatest common divisor of 30 and 3783495.
15
Calculate the greatest common factor of 2655 and 29700.
45
Calculate the greatest common factor of 95008 and 64.
32
What is the greatest common divisor of 694450 and 90300?
2150
What is the highest common divisor of 45210 and 220?
110
What is the highest common factor of 96 and 2049952?
32
Wha